ase 10?
12739
-93f (base 16) to base 10
-2367
-2465 (base 7) to base 5
-12204
What is -4f8 (base 16) in base 13?
-76b
Convert 2134302 (base 5) to base 3.
1212111222
What is -11110111 (base 2) in base 5?
-1442
-12c2 (base 14) to base 11
-2536
Convert -1001000001 (base 2) to base 4.
-21001
What is -741 (base 10) in base 3?
-1000110
-22110000 (base 3) to base 6
-44300
Convert -13213 (base 4) to base 3.
-200001
Convert 21044 (base 5) to base 15.
634
Convert 306 (base 12) to base 15.
1e3
Convert -53c5 (base 16) to base 4.
-11033011
22712 (base 10) to base 2
101100010111000
Convert 53103 (base 6) to base 11.
5426
Convert -3237 (base 11) to base 6.
-31443
What is 1110010111100 (base 2) in base 14?
2976
202200 (base 4) to base 15
9c3
40065 (base 9) to base 6
321435
Convert -10010000000 (base 2) to base 15.
-51c
Convert 111001201 (base 3) to base 14.
3683
What is -2341 (base 14) in base 11?
-4676
What is 15120 (base 8) in base 13?
30b2
-202112 (base 3) to base 6
-2322
2337 (base 11) to base 8
5771
Convert 814 (base 12) to base 14.
5d6
What is -264 (base 8) in base 7?
-345
What is -5507 (base 9) in base 6?
-30441
-244243 (base 5) to base 9
-13708
7884 (base 10) to base 3
101211000
What is -36d8 (base 14) in base 16?
-257e
What is -2100323 (base 4) in base 6?
-110535
What is -473a7 (base 11) in base 9?
-113686
Convert 2650 (base 9) to base 4.
133011
What is 623 (base 16) in base 10?
1571
What is -530 (base 16) in base 15?
-5d8
What is -1681 (base 9) in base 3?
-1202201
What is 28c9 (base 14) in base 8?
16101
a8 (base 12) to base 4
2000
What is 28d (base 16) in base 3?
220012
Convert 1001011011 (base 2) to base 5.
4403
What is 26943 (base 10) in base 8?
64477
What is -713 (base 8) in base 5?
-3314
-102021013 (base 4) to base 3
-10202221021
Convert -404 (base 15) to base 9.
-1214
What is -2531 (base 7) in base 13?
-584
161241 (base 8) to base 14
17201
-521 (base 7) to base 6
-1112
Convert 4e0 (base 15) to base 6.
5050
-3e67 (base 16) to base 8
-37147
What is -3596 (base 11) in base 6?
-33435
Convert 110111 (base 3) to base 5.
2322
Convert -43161 (base 7) to base 9.
-15636
105 (base 16) to base 7
522
What is -101001 (base 2) in base 5?
-131
What is -529 (base 11) in base 6?
-2540
Convert 63124 (base 8) to base 9.
38836
Convert b09 (base 14) to base 12.
1305
What is 1b37 (base 12) in base 3?
11121021
What is 19798 (base 10) in base 6?
231354
132322 (base 5) to base 10
5337
Convert 122102 (base 3) to base 5.
3340
What is -2021102101 (base 3) in base 7?
-244354
4446 (base 12) to base 5
220132
Convert 346 (base 12) to base 2.
111100110
Convert -1111100111101 (base 2) to base 8.
-17475
189 (base 12) to base 6
1053
c90 (base 13) to base 11
1680
What is 22a4 (base 11) in base 5?
44033
Convert 576 (base 11) to base 8.
1260
-11110 (base 5) to base 13
-480
What is -4022 (base 8) in base 4?
-200102
-10120 (base 14) to base 10
-38640
What is -26a (base 12) in base 9?
-451
What is -22020 (base 3) in base 16?
-de
13ef (base 16) to base 2
1001111101111
What is 222100 (base 3) in base 4?
23013
What is -2c2 (base 15) in base 16?
-278
601 (base 11) to base 12
507
Convert 6c2 (base 14) to base 15.
5eb
Convert 3034 (base 11) to base 8.
7676
Convert 1186 (base 9) to base 6.
4040
Convert 10110111011011 (base 2) to base 5.
333424
c83 (base 15) to base 8
5407
-1331110 (base 4) to base 9
-12001
Convert -796 (base 10) to base 8.
-1434
What is -1777 (base 13) in base 15?
-106d
-460 (base 11) to base 15
-26a
Convert -341 (base 13) to base 12.
-3a8
Convert 1010011111000000 (base 2) to base 13.
16715
3c6 (base 16) to base 9
1283
-652 (base 16) to base 13
-976
What is 212232 (base 4) in base 8?
4656
Convert -2481 (base 15) to base 7.
-31441
Convert -3a74 (base 12) to base 5.
-203322
-1866 (base 11) to base 16
-943
Convert 15853 (base 10) to base 11.
10a02
Convert 5493 (base 11) to base 15.
222b
Convert 5241 (base 7) to base 9.
2466
20210 (base 3) to base 14
d1
Convert 570 (base 15) to base 10.
1230
Convert 110100001000 (base 2) to base 7.
12504
11a83 (base 12) to base 10
24003
Convert 457 (base 9) to base 14.
1cc
Convert -1497 (base 12) to base 5.
-34134
Convert 21244 (base 9) to base 5.
422203
What is -3100 (base 5) in base 10?
-400
-13323 (base 15) to base 6
-1152310
Convert -111111000110 (base 2) to base 10.
-4038
Convert 220112011 (base 3) to base 10.
17878
What is 4232 (base 5) in base 12?
3b3
-152 (base 7) to base 9
-105
Convert 11111010110 (base 2) to base 4.
133112
What is 100001001 (base 2) in base 16?
109
What is -1111001110 (base 2) in base 14?
-4d8
What is -27 (base 14) in base 13?
-29
210202 (base 3) to base 9
722
What is 155 (base 12) in base 10?
209
284 (base 11) to base 6
1314
202 (base 12) to base 9
352
447d (base 16) to base 5
1030113
-1010022 (base 3) to base 5
-11233
What is -1101222 (base 3) in base 9?
-1358
12121 (base 3) to base 6
411
What is -323015 (base 6) in base 15?
-7d1e
-1074 (base 8) to base 7
-1445
-1233 (base 5) to base 8
-301
355103 (base 6) to base 15
926c
e52 (base 16) to base 7
13455
Convert -3350 (base 7) to base 2.
-10010111011
What is 20142 (base 5) in base 13?
78a
Convert -164 (base 9) to base 8.
-213
Convert 7241 (base 11) to base 16.
2584
What is -19245 (base 10) in base 16?
-4b2d
-101021 (base 4) to base 12
-775
10001101001011 (base 2) to base 4
2031023
What is -21a (base 11) in base 16?
-107
What is -3a51 (base 12) in base 11?
-5028
b42 (base 16) to base 13
1409
What is 161 (base 10) in base 12?
115
-5990 (base 15) to base 10
-19035
What is 1915 (base 10) in base 3?
2121221
What is -3223 (base 4) in base 11?
-1a4
What is 61b (base 12) in base 5?
12022
-156 (base 8) to base 9
-132
What is 100011010000 (base 2) in base 5?
33011
-67 (base 14) to base 5
-331
Convert ed0 (base 15) to base 3.
11120220
Convert -3255 (base 7) to base 13.
-6ba
-1014110 (base 5) to base 14
-6188
Convert 313302 (base 6) to base 7.
134000
What is 1c (base 13) in base 15?
1a
1010011011100 (base 2) to base 14
1d36
Convert -123 (base 13) to base 3.
-21100
10213313 (base 4) to base 13
8807
1e8 (base 15) to base 6
2015
What is -2300 (base 4) in base 15?
-bb
4324 (base 7) to base 8
3001
What is -110313 (base 4) in base 5?
-20320
-21aa (base 14) to base 10
-5834
What is 110010010101 (base 2) in base 14?
1261
Convert -101120001 (base 3) to base 8.
-17020
What is 310111 (base 5) in base 10?
10031
3511 (base 16) to base 14
4d45
What is 118 (base 10) in base 6?
314
Convert -81c8 (base 13) to base 8.
-42765
Convert a31 (base 16) to base 10.
2609
Convert -11111100011 (base 2) to base 3.
-2202210
What is 2211 (base 5) in base 15?
156
6427 (base 8) to base 2
110100010111
262 (base 9) to base 12
162
Convert 1000020202 (base 3) to base 15.
5d45
111000110111010 (base 2) to base 15
895e
What is 749 (base 14) in base 11?
1097
Convert -12776 (base 8) to base 2.
-1010111111110
-7b (base 15) to base 16
-74
-115bb (base 14) to base 16
-a541
Convert 105232 (base 8) to base 13.
131c5
-608 (base 14) to base 15
-53e
-4034310 (base 5) to base 15
-143a5
Convert 21231 (base 5) to base 16.
5a1
Convert 154e5 (base 16) to base 6.
1512005
904 (base 12) to base 9
1704
Convert -641 (base 10) to base 13.
-3a4
Convert -40222 (base 5) to base 6.
-15510
-2422 (base 8) to base 10
-1298
What is -441133 (base 5) in base 16?
-3b40
What is 6627 (base 9) in base 6?
34341
What is -1411 (base 7) in base 2?
-1000100011
48887 (base 10) to base 5
3031022
532 (base 12) to base 16
2f6
23774 (base 8) to base 12
5b10
541 (base 10) to base 16
21d
What is -12a8 (base 12) in base 9?
-2842
-131233 (base 4) to base 8
-3557
What is 762d (base 15) in base 13?
b506
What is -27a2 (base 11) in base 3?
-11222010
Convert 431430 (base 6) to base 16.
8a2a
-a01 (base 13) to base 12
-b8b
What is 1008 (base 9) in base 4?
23201
What is 125 (base 15) in base 2?
100000100
What is 1100101 (base 2) in base 16?
65
12173 (base 11) to base 9
26008
-52f0 (base 16) to base 7
-115621
What is -11305 (base 8) in base 14?
-1a73
Convert -620 (base 9) to base 10.
-504
738 (base 15) to base 10
1628
What is -3436 (base 8) in base 3?
-2111111
-110000100001 (base 2) to base 6
-22213
What is 10867 (base 13) in base 5?
1424443
Convert -26435 (base 8) to base 2.
-10110100011101
Convert 132 (base 10) to base 8.
204
Convert -14296 (base 11) to base 15.
-6042
What